e b*c - o = -1. What is the units digit of c?
1
What is the units digit of (1/2)/((-19)/(-14554))?
3
Let v be -5 + 3 - -2 - -2. Suppose -v*t - t = -48. What is the units digit of t?
6
Let l be 1*(-15 + 2)*1. Let f = l + 26. Suppose 37 - f = 3*p. What is the units digit of p?
8
What is the tens digit of (-2)/(6/(-55)) + 5/(-15)?
1
Let h(g) be the second derivative of -g**5/20 + 5*g**4/12 - 2*g**3/3 + 3*g**2/2 - 4*g. What is the units digit of h(4)?
3
Suppose 2*b + 16 = 4*m, -5*m = -4*b + 3 - 32. What is the units digit of (-3)/(-1*3) - b?
7
Let g be (2 + -3)*1*-3. Let n = 8 - g. Suppose 2*k = 3*j - 2*k - 28, 4*k - 4 = -n*j. What is the units digit of j?
4
Suppose a - 5*o - 12 = 0, 5*a + 2*o - 6*o + 24 = 0. Let t = 13 + a. What is the units digit of t?
5
Let x(n) = -10*n + 2. Let b(r) = -19*r + 4. Let o(s) = -6*b(s) + 11*x(s). Let k be o(5). Suppose -2 - k = -2*y. What is the tens digit of y?
1
Suppose -4*g = 0, -1 + 13 = 4*q + g. Suppose -2*n = -4*z + 34, 0 = -3*z + q*n - 2*n + 26. What is the units digit of z?
9
Let o(v) = v**2 - 6*v + 5. Let z be o(5). Suppose -b = 1, -4*b - 11 = -z*f - f. What is the units digit of f?
7
Suppose -5*f = -3*f - 2. Suppose 1 = p - f. Suppose -4*g + 22 = p*o - 2, 0 = -5*o - 3*g + 53. What is the units digit of o?
0
Let v(s) = 18*s + 7. What is the tens digit of v(13)?
4
Suppose -27*a + 24*a = -450. What is the units digit of a?
0
Let j(w) = 20*w - 27. What is the hundreds digit of j(9)?
1
Let v be 1/(-3)*0/(-1). What is the tens digit of (10 - v)/((-4)/(-14))?
3
Let f be ((-8)/12)/(-2)*0. Suppose -3*r + 12 = -3, 2*l + r - 21 = f. What is the units digit of l?
8
Suppose 9 = t + 2*t. Let w be 1/2*t*-4. Let x(c) = 2*c**2 + 10*c + 8. What is the units digit of x(w)?
0
Let c(x) = x - 8. Let g be c(4). Let a be 2/(-4) + g/8. What is the units digit of 2*(-2)/(4*a)?
1
Let a(i) = -2*i + 2. Let q be a(2). Let d be 86/(-4) - (-1)/q. What is the units digit of d/(-3) - (-1)/(-3)?
7
Let a = 2 - 10. Let k be (2*1)/(a/(-44)). What is the units digit of (-2)/2*1 + k?
0
Suppose -6 = v - 4*v. Suppose -u = -4*u + 4*i + 177, 61 = u - v*i. Let w = -38 + u. What is the tens digit of w?
1
Let b = 15 + 10. Let g = b - 8. What is the tens digit of g?
1
Let i(q) be the third derivative of 1/24*q**4 + 0*q + 2*q**2 + 0 - 1/6*q**3. What is the units digit of i(3)?
2
Let h(k) = 17*k + 15. Let j(m) = 26*m + 23. Let z(v) = -8*h(v) + 5*j(v). Let q be z(5). What is the units digit of (q/(-10))/(1/2)?
7
Let k(c) = 9*c + 6. What is the units digit of k(18)?
8
Suppose 3*o + 4 = o. What is the tens digit of -1*27/o*2?
2
Suppose 0 = -o + 2*o. Let u = 10 + o. What is the tens digit of u?
1
Let v be 70/(-2)*(-12)/15. Suppose 0 = g - a + 2 - v, 0 = 5*a - 15. What is the tens digit of g?
2
Suppose 18*m = 5*m + 2197. What is the tens digit of m?
6
Let q(i) = -i**3 - 12*i**2 + 11*i - 5. Suppose 5*f - 4*r + 81 = 0, 4*r - 4 = -3*f - 27. What is the units digit of q(f)?
1
Suppose -19*z - 46 = -20*z. What is the tens digit of z?
4
Let j(n) = 11*n**2 - 4*n + 5. What is the tens digit of j(-3)?
1
Suppose x + 3*p - 146 = 2*p, -3*p = 0. What is the units digit of x?
6
Suppose -9*r = -3*r - 1278. What is the tens digit of r?
1
Suppose -4*d = -5*w - 0*d + 36, 0 = -2*w - 4*d - 8. Suppose f + 70 = 4*m + m, w*f = 0. What is the tens digit of m?
1
Suppose 0 = 5*p + 4*t + 4 - 16, -2*p - 3*t = -2. Let a be p/10 + 8/(-20). Suppose a = -y + 8. What is the units digit of y?
8
Suppose -3*i + 33 = -4*i. Let d = -19 - i. What is the units digit of d?
4
Suppose 4*p - 284 = 68. What is the tens digit of p?
8
Suppose -z + 408 = 3*z. What is the tens digit of z?
0
Suppose 3*b = 5*y - 220, -5*b + 58 = 2*y - 30. Suppose -3*h = -94 - y. What is the tens digit of h?
4
What is the tens digit of (1/2)/((-11)/(-1034))?
4
Let k(o) = -o**2 - o + 4. What is the units digit of k(0)?
4
Let d = -2 + 8. Suppose d*p + 12 = 8*p. What is the units digit of p?
6
Let u(z) = -z + 14. Let b be u(9). Suppose 0 = -b*x + r + 173, -3*x - 2*r + 144 = 48. What is the tens digit of x?
3
What is the tens digit of (-567)/(-4) - 3/(-12)?
4
Let o be 1/(-1) - (0 - 75). Let i = o + -46. Suppose i = 4*j - 8. What is the units digit of j?
9
Suppose 0*d + u + 513 = 4*d, -d + 3*u + 131 = 0. Let l = -81 + d. What is the tens digit of l?
4
Let g be (9/(-6) + 2)*-6. What is the units digit of g/(-1 + (-7)/(-10))?
0
Let t be (-6)/4*(-1 - 1). Suppose -2*y - j = 1 - 7, 3*j = -t*y + 6. What is the units digit of y?
4
Suppose f + m = 7 + 1, 2*f - m = 4. What is the units digit of f?
4
Let n = 223 - 64. What is the units digit of n?
9
Let g(s) be the first derivative of -s**4/24 + s**3/3 - s**2/2 + 1. Let n(q) be the second derivative of g(q). What is the units digit of n(-7)?
9
Let y(s) be the third derivative of s**5/60 + s**3/3 - 2*s**2. Let x be y(4). Suppose m - 3*m = -x. What is the units digit of m?
9
Let w(k) = -4 + k + 1 - 1. What is the units digit of w(5)?
1
Suppose 5*z - 3*m = m + 52, m + 34 = 3*z. Suppose 5*d + 4*q - 2*q + z = 0, -10 = 4*d + 2*q. What is the units digit of (-1 + 14/(-4))*d?
9
Let j = 6 - 17. Let c be 2/4 - 14/(-4). Let g = c - j. What is the units digit of g?
5
What is the units digit of (8 + -2)*(-18)/(-3)?
6
Suppose 0*o = o + 11. Let f(q) = -q**3 - 12*q**2 - 11*q + 14. What is the tens digit of f(o)?
1
Let r(d) = -2*d**2 + 1 + 3*d + 3*d + 4. Let o be r(5). Let m = -10 - o. What is the units digit of m?
5
What is the units digit of 8/(-3)*((-1845)/(-12))/(-5)?
2
Suppose 0 = -4*n + s + 66, 2*n + 10 = 3*n + 3*s. What is the units digit of n?
6
Let q(r) = r**2 - 4*r. Let k be q(5). Suppose -5*c = -4*j - 3 - 13, 0 = k*j + 2*c + 20. Let a(i) = -i**3 - 2*i**2 + 6*i + 2. What is the tens digit of a(j)?
1
Let s(r) = -r**3 - 9*r**2 + 21. What is the tens digit of s(-9)?
2
Let k(p) = p**3 + 6*p**2 + p - 10. What is the tens digit of k(-5)?
1
Suppose 5*p - 15 = 0, 25 + 36 = q + p. What is the units digit of q?
8
Suppose -b - u + 4 + 6 = 0, 20 = -b + 5*u. Suppose 0 = -b*s + 38 + 2. What is the units digit of s?
8
Let l = 155 - 154. What is the units digit of l?
1
What is the units digit of 2 + 105 + (-2 - 2)?
3
Let i = 8 - 4. Let m = 10 - i. What is the units digit of m?
6
Let s be -4*((-2)/(-4) + -1). Suppose -y + 36 = -3*n - s*y, 4*y + 56 = -4*n. What is the units digit of -3 + 1 - n/1?
9
Let b(u) = -5*u**3 + 3*u**3 - 1 + 3*u**3 - 8*u**2 + u. Let z(x) = 2*x**2 + 6*x. Let w be z(-4). What is the units digit of b(w)?
7
Let j = -131 + 362. What is the hundreds digit of j?
2
Suppose 8 = 3*g + g. Suppose -g*f - f - 5*o = 4, -2*f = -2*o - 8. Suppose 0 = -5*h - f*d + 32, 3*d + 25 = 5*h - 27. What is the units digit of h?
8
Suppose 4*o = d, 2*d + 6 = d - 2*o. Let x be 3*-1*(-48)/9. Let q = d + x. What is the tens digit of q?
1
What is the units digit of (-1)/(-2) - (24297/(-14))/13?
4
Let l = -8 - -12. Suppose -o = -4*i + 2*i, l*o - 36 = -i. Suppose 5*k - o = 4*k. What is the units digit of k?
8
Suppose 0 = 4*h - 2*q + 30, -5*h = -3*q + 38 + 1. Let f(l) = l**2 + 3*l - 2. What is the tens digit of f(h)?
1
Suppose 2*q + 5 = -d, -q - 13 = -3*d - 0*d. Suppose 5*a - m - 22 = -2*m, 0 = -d*a - 3*m + 6. What is the units digit of a?
5
Let c(i) = 8*i. Let j be c(1). Let q = -3 + j. Let k(w) = w**3 - 5*w**2 + 2. What is the units digit of k(q)?
2
Let f(u) = -u**2 + 6*u + 8. Let c be ((-4)/10)/(1/(-15)). What is the units digit of f(c)?
8
Suppose -3*k + 207 = -5*m, -141 = -5*k - m + 176. What is the units digit of k?
4
Let c = 8 + 2. What is the units digit of c?
0
Let w(q) = q + 4. Let j be w(-4). Suppose j = 2*y + 2 - 10. What is the units digit of 0 + (-2)/(-2) + y?
5
Let p(q) = -58*q - 1. What is the units digit of p(-1)?
7
Let a(w) = w**3 + 7*w**2 + 4*w - 6. Let g be a(-6). Suppose t = 4*q - 16, -q + 4 = g*t - 4*t. What is the units digit of q?
4
Suppose -2*z + 2*a = 5*a - 821, 4*a = z - 427. What is the hundreds digit of z?
4
What is the hundreds digit of 27/(1 + (-3)/4)?
1
Let m(j) be the second derivative of j**5/20 + j**4/2 - 4*j**3/3 + 3*j**2 - j. What is the units digit of m(-7)?
3
Let z be 2/(-3) - (-4)/6. Let c(p) = 1 - 2 + 2 - p**3 + 2*p - p. What is the units digit of c(z)?
1
Let b(o) = -o**3 - o + 7. Let g(p) = p**3 + 4*p**2 + 2*p + 4. Let j be g(-4). Let c = j + 4. What is the units digit of b(c)?
7
Let 